26 (base 16) to base 15.
28
What is 1 (base 9) in base 8?
1
-323 (base 7) to base 11
-13a
What is -268 (base 10) in base 3?
-100221
Convert 4 (base 15) to base 3.
11
1022 (base 3) to base 16
23
Convert 2 (base 5) to base 8.
2
What is 3 (base 15) in base 2?
11
Convert -11 (base 2) to base 3.
-10
Convert 25 (base 12) to base 10.
29
Convert -62 (base 11) to base 15.
-48
What is -8 (base 12) in base 3?
-22
What is 11 (base 2) in base 10?
3
Convert 0 (base 3) to base 7.
0
Convert 3 (base 10) to base 5.
3
10 (base 10) to base 11
a
What is 2 (base 3) in base 10?
2
What is 16 (base 16) in base 15?
17
-2 (base 12) to base 15
-2
Convert -20 (base 13) to base 14.
-1c
Convert -19 (base 14) to base 8.
-27
What is 73 (base 10) in base 2?
1001001
What is 2 (base 15) in base 14?
2
402 (base 5) to base 14
74
What is -53 (base 15) in base 9?
-86
Convert 5 (base 16) to base 14.
5
What is 5 (base 8) in base 12?
5
Convert 10 (base 2) to base 14.
2
Convert -98 (base 12) to base 6.
-312
131 (base 8) to base 11
81
12 (base 5) to base 2
111
What is 1 (base 6) in base 14?
1
What is 4 (base 5) in base 4?
10
Convert 1c (base 16) to base 13.
22
What is -60 (base 10) in base 3?
-2020
What is -4 (base 10) in base 6?
-4
2e (base 16) to base 13
37
2 (base 15) to base 2
10
What is 102 (base 8) in base 14?
4a
Convert -2 (base 6) to base 10.
-2
What is 24 (base 7) in base 3?
200
What is -2 (base 9) in base 3?
-2
Convert 11 (base 8) to base 13.
9
Convert -17 (base 15) to base 7.
-31
Convert 321 (base 7) to base 8.
242
Convert -3 (base 16) to base 11.
-3
What is 2 (base 10) in base 14?
2
1 (base 16) to base 2
1
8a (base 13) to base 8
162
What is 22 (base 3) in base 8?
10
What is 24 (base 5) in base 13?
11
What is 1232 (base 6) in base 2?
100110100
1 (base 9) to base 8
1
Convert 40 (base 16) to base 8.
100
Convert -20 (base 6) to base 4.
-30
-4 (base 15) to base 12
-4
What is 1230 (base 4) in base 15?
73
-a4 (base 12) to base 3
-11121
What is -220 (base 3) in base 12?
-20
What is -6b (base 16) in base 4?
-1223
Convert 0 (base 12) to base 11.
0
-2 (base 6) to base 5
-2
What is 1 (base 3) in base 14?
1
Convert -61 (base 14) to base 8.
-125
Convert -15 (base 6) to base 8.
-13
Convert -1110 (base 2) to base 13.
-11
Convert -111110 (base 2) to base 15.
-42
64 (base 7) to base 9
51
What is -44 (base 8) in base 3?
-1100
7 (base 10) to base 3
21
What is 2 (base 5) in base 15?
2
Convert 3 (base 5) to base 3.
10
What is -6 (base 11) in base 15?
-6
-2 (base 4) to base 9
-2
Convert -112 (base 4) to base 12.
-1a
Convert -5 (base 13) to base 5.
-10
What is a (base 14) in base 6?
14
1111 (base 2) to base 13
12
What is 142 (base 11) in base 6?
435
Convert -2 (base 4) to base 15.
-2
What is -10 (base 7) in base 12?
-7
What is a (base 13) in base 5?
20
What is -15 (base 15) in base 14?
-16
1 (base 5) to base 14
1
What is 211 (base 3) in base 13?
19
What is -1a (base 11) in base 7?
-30
Convert 102 (base 5) to base 3.
1000
Convert -1101 (base 6) to base 2.
-11111101
Convert -3 (base 8) to base 10.
-3
What is 3 (base 15) in base 12?
3
Convert 78 (base 15) to base 6.
305
Convert 3 (base 8) to base 15.
3
c (base 14) to base 6
20
What is 10 (base 11) in base 2?
1011
Convert 1 (base 16) to base 4.
1
-11 (base 13) to base 15
-e
Convert 1 (base 14) to base 9.
1
Convert 35 (base 10) to base 6.
55
5 (base 11) to base 14
5
Convert -3 (base 15) to base 7.
-3
What is -38 (base 15) in base 16?
-35
-136 (base 7) to base 8
-114
31 (base 7) to base 6
34
3 (base 11) to base 8
3
Convert 32 (base 4) to base 6.
22
Convert -10 (base 7) to base 9.
-7
Convert 23 (base 8) to base 6.
31
What is 1100 (base 2) in base 6?
20
Convert 3 (base 8) to base 14.
3
Convert -13 (base 5) to base 2.
-1000
-546 (base 7) to base 5
-2104
-28 (base 15) to base 8
-46
0 (base 12) to base 16
0
What is 2 (base 8) in base 11?
2
-215 (base 9) to base 11
-150
-33 (base 8) to base 12
-23
67 (base 12) to base 15
54
What is -b2 (base 14) in base 10?
-156
2e (base 15) to base 13
35
What is 9 (base 13) in base 4?
21
Convert -e (base 16) to base 14.
-10
What is 21 (base 8) in base 13?
14
What is 101 (base 14) in base 16?
c5
What is -13 (base 14) in base 16?
-11
Convert -28 (base 13) to base 15.
-24
What is -32 (base 4) in base 6?
-22
What is b (base 15) in base 7?
14
Convert 0 (base 10) to base 14.
0
What is -3 (base 8) in base 12?
-3
-31 (base 4) to base 3
-111
-1 (base 3) to base 10
-1
Convert 5 (base 12) to base 5.
10
Convert -10 (base 3) to base 5.
-3
Convert -12 (base 6) to base 14.
-8
100 (base 2) to base 9
4
What is -1 (base 6) in base 13?
-1
0 (base 16) to base 6
0
What is 3 (base 9) in base 12?
3
-33 (base 11) to base 14
-28
-100100 (base 3) to base 10
-252
Convert -12 (base 11) to base 15.
-d
What is 26 (base 7) in base 13?
17
Convert 53 (base 7) to base 2.
100110
What is -173 (base 12) in base 15?
-106
Convert 5 (base 6) to base 9.
5
-40 (base 6) to base 14
-1a
What is -c (base 16) in base 5?
-22
Convert -3 (base 6) to base 4.
-3
What is b (base 13) in base 6?
15
-2 (base 7) to base 11
-2
What is -11111111 (base 2) in base 12?
-193
What is 1431 (base 6) in base 10?
379
30 (base 4) to base 6
20
-2 (base 13) to base 3
-2
What is -a2 (base 14) in base 6?
-354
What is -10 (base 3) in base 13?
-3
-1 (base 4) to base 10
-1
-45 (base 10) to base 14
-33
2 (base 3) to base 10
2
Convert -8 (base 12) to base 3.
-22
-30 (base 11) to base 12
-29
288 (base 11) to base 15
178
What is 11122 (base 3) in base 8?
175
Convert -2 (base 12) to base 4.
-2
Convert -176 (base 8) to base 2.
-1111110
Convert -9 (base 16) to base 10.
-9
4 (base 16) to base 14
4
0 (base 3) to base 5
0
What is -11110 (base 2) in base 13?
-24
58 (base 12) to base 13
53
3 (base 5) to base 12
3
Convert -2 (base 8) to base 13.
-2
Convert -1 (base 6) to base 8.
-1
Convert 2200 (base 3) to base 12.
60
Convert 310 (base 6) to base 3.
11020
What is 23 (base 13) in base 9?
32
4 (base 14) to base 16
4
Convert -3 (base 15) to base 5.
-3
Convert 5 (base 6) to base 2.
101
Convert -1 (base 3) to base 16.
-1
Convert -43 (base 5) to base 12.
-1b
What is 11 (base 9) in base 14?
a
What is -5 (base 12) in base 9?
-5
Convert -14 (base 6) to base 16.
-a
What is -2 (base 8) in base 5?
-2
-101010001 (base 2) to base 8
-521
Convert 2a (base 12) to base 9.
37
What is 3 (base 9) in base 8?
3
Convert -102 (base 7) to base 11.
-47
What is 2 (base 8) in base 15?
2
Convert 12002 (base 3) to base 10.
137
Convert -11 (base 7) to base 9.
-8
Convert 205 (base 6) to base 7.
140
-3 (base 12) to base 10
-3
Convert -3 (base 12) to base 6.
-3
Convert 45 (base 8) to base 14.
29
What is 23 (base 8) in base 15?
14
15 (base 6) to base 5
21
a (base 14) to base 11
a
0 (base 11) to base 5
0
0 (base 5) to base 11
0
-11 (base 2) to base 6
-3
Convert 11 (base 2) to base 9.
3
10 (base 2) to base 8
2
-1 (base 14) to base 13
-1
What is -41 (base 6) in base 9?
-27
-3 (base 9) to base 10
-3
Convert -4b (base 12) to base 2.
-111011
What is 10 (base 11) in base 2?
1011
Convert 1012 (base 5) to base 7.
246
What is 90 (base 11) in base 14?
71
What is 2 (base 16) in base 10?
2
111010 (base 2) to base 9
64
Convert -19 (base 15) to base 11.
-22
What is 120 (base 6) in base 14?
36
What is 21 (base 4) in base 11?
9
Convert 0 (base 4) to base 13.
0
Convert -11031 (base 4) to base 13.
-1c8
100100 (base 2) to base 16
24
What is -1 (base 8) in base 16?
-1
104 (base 13) to base 2
10101101
Convert -134 (base 14) to base 4.
-3302
What is -f (base 16) in base 5?
-30
-b (base 15) to base 13
-b
Convert 2 (base 10) to base 11.
2
What is -123 (base 11) in base 4?
-2102
-31 (base 13) to base 16
-28
Convert -12 (base 10) to base 5.
-22
1 (base 9) to base 10
1
-31 (base 7) to base 3
-211
-120 (base 4) to base 3
-220
What is 100 (base 6) in base 3?
1100
What is -5 (base 7) in base 4?
-11
What is -16 (base 10) in base 9?
-17
Convert -11111 (base 2) to base 16.
-1f
What is -11 (base 4) in base 7?
-5
6 (base 14) to base 10
6
What is -b (base 15) in base 5?
-21
What is -1 (base 16) in base 4?
-1
What is 25 (base 14) in base 13?
27
-1110001 (base 2) to base 12
-95
Convert -12 (base 4) to base 7.
-6
-47 (base 16) to base 14
-51
-1 (base 10) to base 9
-1
What is 10 (base 9) in base 4?
21
What is 2 (base 10) in base 3?
2
-1 (base 7) to base 4
-1
-3 (base 8) to base 16
-3
